{"id":3255,"date":"2024-12-17T09:31:10","date_gmt":"2024-12-17T09:31:10","guid":{"rendered":"https:\/\/natuzzi.si\/italia\/?page_id=3255"},"modified":"2025-12-04T10:18:27","modified_gmt":"2025-12-04T10:18:27","slug":"pogoji-poslovanja","status":"publish","type":"page","link":"https:\/\/natuzzi.si\/italia\/pogoji-poslovanja\/","title":{"rendered":"Pogoji poslovanja"},"content":{"rendered":"<div class=\"fusion-fullwidth fullwidth-box fusion-builder-row-1 fusion-flex-container has-pattern-background has-mask-background na-500-pink-bg-container nonhundred-percent-fullwidth non-hundred-percent-height-scrolling\" style=\"--awb-border-radius-top-left:0px;--awb-border-radius-top-right:0px;--awb-border-radius-bottom-right:0px;--awb-border-radius-bottom-left:0px;--awb-padding-top:180px;--awb-padding-top-small:60px;--awb-flex-wrap:wrap;\" ><div class=\"fusion-builder-row fusion-row fusion-flex-align-items-flex-start fusion-flex-justify-content-center fusion-flex-content-wrap\" style=\"max-width:1788.8px;margin-left: calc(-4% \/ 2 );margin-right: calc(-4% \/ 2 );\"><div class=\"fusion-layout-column fusion_builder_column fusion-builder-column-0 fusion-flex-column\" style=\"--awb-bg-size:cover;--awb-width-large:800px;--awb-margin-top-large:0px;--awb-spacing-right-large:2%;--awb-margin-bottom-large:20px;--awb-spacing-left-large:2%;--awb-width-medium:800px;--awb-order-medium:0;--awb-spacing-right-medium:2%;--awb-spacing-left-medium:2%;--awb-width-small:100%;--awb-order-small:0;--awb-spacing-right-small:1.92%;--awb-spacing-left-small:1.92%;\" data-scroll-devices=\"small-visibility,medium-visibility,large-visibility\"><div class=\"fusion-column-wrapper fusion-column-has-shadow fusion-flex-justify-content-flex-start fusion-content-layout-column\"><div class=\"fusion-title title fusion-title-1 fusion-sep-none fusion-title-text fusion-title-size-one\"><h1 class=\"fusion-title-heading title-heading-left\" style=\"margin:0;\">Pogoji poslovanja<\/h1><\/div><div class=\"fusion-image-element \" style=\"--awb-margin-bottom:20px;--awb-caption-title-font-family:var(--h2_typography-font-family);--awb-caption-title-font-weight:var(--h2_typography-font-weight);--awb-caption-title-font-style:var(--h2_typography-font-style);--awb-caption-title-size:var(--h2_typography-font-size);--awb-caption-title-transform:var(--h2_typography-text-transform);--awb-caption-title-line-height:var(--h2_typography-line-height);--awb-caption-title-letter-spacing:var(--h2_typography-letter-spacing);\"><span class=\" fusion-imageframe imageframe-none imageframe-1 hover-type-none\"><img decoding=\"async\" width=\"781\" height=\"474\" title=\"Mask group (53)\" src=\"https:\/\/natuzzi.si\/italia\/wp-content\/uploads\/2024\/12\/Mask-group-53.jpg\" alt class=\"img-responsive wp-image-3256\" srcset=\"https:\/\/natuzzi.si\/italia\/wp-content\/uploads\/2024\/12\/Mask-group-53-200x121.jpg 200w, https:\/\/natuzzi.si\/italia\/wp-content\/uploads\/2024\/12\/Mask-group-53-400x243.jpg 400w, https:\/\/natuzzi.si\/italia\/wp-content\/uploads\/2024\/12\/Mask-group-53-600x364.jpg 600w, https:\/\/natuzzi.si\/italia\/wp-content\/uploads\/2024\/12\/Mask-group-53.jpg 781w\" sizes=\"(max-width: 640px) 100vw, 781px\" \/><\/span><\/div><div class=\"fusion-text fusion-text-1\"><p>OPOZORILO: Ob uporabi spletnih strani se uporabnik zave\u017ee, da se strinja z vsemi dolo\u010dbami v spodaj navedenih splo\u0161nih pogojih uporabe vsebin spletnih strani natuzzi.si.<\/p>\n<p>Z obiskom spletne strani oz. s prijavo na novice se uporabnik strinja s splo\u0161nimi pogoji uporabe. V kolikor se s splo\u0161nimi pogoji uporabe ne strinja, uporaba spletne strani oz. prijava na e-novice ter izpolnjevanje obrazcev na strani ni mo\u017eno.<\/p>\n<\/div><div class=\"fusion-title title fusion-title-2 fusion-sep-none fusion-title-text fusion-title-size-three\" style=\"--awb-margin-bottom:30px;\"><h3 class=\"fusion-title-heading title-heading-left\" style=\"margin:0;\"><ol>\n<li><strong>Splo\u0161ne dolo\u010dbe<\/strong><\/li>\n<\/ol><\/h3><\/div><div class=\"fusion-text fusion-text-2\"><p>Splo\u0161ni pogoji uporabe (v nadaljevanju: pogoji uporabe) strani natuzzi.si (v nadaljevanju: spletne strani) se nana\u0161ajo na pogoje uporabe vsebin na spletnih straneh. Predstavljajo pravno veljaven in zavezujo\u010d sporazum med MAROS Trgovina na debelo in drobno d.o.o., \u0160martinska cesta 53, 1000 Ljubljana (v nadaljevanju: ponudnik), in vsako osebo, ki obi\u0161\u010de spletno stran in\/ali na kakr\u0161en koli na\u010din uporablja spletno stran (v nadaljevanju: uporabnik).<\/p>\n<p>Ponudnik si pridr\u017euje pravico do spremembe in\/ali izbrisa katerega koli dela spletnih strani brez vnaprej\u0161njega obvestila. Ponudnik z namenom, da se uporabniku zagotovi \u010dim bolj\u0161a mo\u017ena izku\u0161nja, skrbi za stalno posodabljanje spletne strani. Uporabnik je seznanjen in se strinja, da se oblika in narava spletne strani ob\u010dasno spreminjata brez predhodnega obvestila uporabniku.<\/p>\n<\/div><div class=\"fusion-image-element \" style=\"--awb-caption-title-font-family:var(--h2_typography-font-family);--awb-caption-title-font-weight:var(--h2_typography-font-weight);--awb-caption-title-font-style:var(--h2_typography-font-style);--awb-caption-title-size:var(--h2_typography-font-size);--awb-caption-title-transform:var(--h2_typography-text-transform);--awb-caption-title-line-height:var(--h2_typography-line-height);--awb-caption-title-letter-spacing:var(--h2_typography-letter-spacing);\"><span class=\" fusion-imageframe imageframe-none imageframe-2 hover-type-none\"><img decoding=\"async\" width=\"780\" height=\"4\" title=\"crte\" src=\"https:\/\/natuzzi.si\/italia\/wp-content\/uploads\/2024\/12\/crte.svg\" alt class=\"img-responsive wp-image-3239\"\/><\/span><\/div><div class=\"fusion-title title fusion-title-3 fusion-sep-none fusion-title-text fusion-title-size-three\" style=\"--awb-margin-bottom:30px;\"><h3 class=\"fusion-title-heading title-heading-left\" style=\"margin:0;\">2. Dostopnost spletne strani<\/h3><\/div><div class=\"fusion-text fusion-text-3\"><p>Spletne strani so v splo\u0161nem dostopne 24 ur na dan. Ponudnik si pridr\u017euje pravico do kraj\u0161ih prekinitev dostopa do spletnih strani zaradi tehni\u010dnih razlogov. Ponudnik si prav tako pridr\u017euje pravico do dalj\u0161ih prekinitev dostopa do spletnih strani v primerih povezanih z vzdr\u017eevalnimi deli in \/ ali zamenjavo opreme. Ponudnik ne jam\u010di dostopa do spletnih strani v primerih izpadov v omre\u017ejih ponudnikov internetne povezave ali kakr\u0161nih koli izpadih, napakah in \/ ali drugih tehni\u010dnih motnjah ali prekinitvah, ki so posledica nedelovanje tretjih strank (izpad internetne povezave, izpad elektri\u010dnega napajanja,&#8230;) ter v primerih vi\u0161jih sil.<\/p>\n<\/div><div class=\"fusion-title title fusion-title-4 fusion-sep-none fusion-title-text fusion-title-size-four\"><h4 class=\"fusion-title-heading title-heading-left\" style=\"margin:0;\">3. Omejitve dostopa do spletnih strani<\/h4><\/div><div class=\"fusion-text fusion-text-4\"><p>Ponudnik si pridr\u017euje pravico, da ob sumu zlorab, navedenih v 7. to\u010dki teh pogojev uporabe, omeji ali prekine dostop do vsebin spletnih strani za posamezni IP naslov uporabnika.<\/p>\n<\/div><div class=\"fusion-title title fusion-title-5 fusion-sep-none fusion-title-text fusion-title-size-four\"><h4 class=\"fusion-title-heading title-heading-left\" style=\"margin:0;\">4. Starostne omejitve in odgovornost<\/h4><\/div><div class=\"fusion-text fusion-text-5\"><p>Pri uporabi spletnih strani ni starostnih omejitev. Uporaba spletnih strani je namenjena uporabnikovi lastni uporabi. Prijava drugih oseb ali izpolnjevanje obrazcev za druge osebe ni dovoljena, za kar uporabnik jam\u010di s polno od\u0161kodninsko odgovornostjo in nase prevzema pasivno legitimacijo v primeru spora.<\/p>\n<\/div><div class=\"fusion-image-element \" style=\"--awb-caption-title-font-family:var(--h2_typography-font-family);--awb-caption-title-font-weight:var(--h2_typography-font-weight);--awb-caption-title-font-style:var(--h2_typography-font-style);--awb-caption-title-size:var(--h2_typography-font-size);--awb-caption-title-transform:var(--h2_typography-text-transform);--awb-caption-title-line-height:var(--h2_typography-line-height);--awb-caption-title-letter-spacing:var(--h2_typography-letter-spacing);\"><span class=\" fusion-imageframe imageframe-none imageframe-3 hover-type-none\"><img decoding=\"async\" width=\"780\" height=\"4\" title=\"crte\" src=\"https:\/\/natuzzi.si\/italia\/wp-content\/uploads\/2024\/12\/crte.svg\" alt class=\"img-responsive wp-image-3239\"\/><\/span><\/div><div class=\"fusion-title title fusion-title-6 fusion-sep-none fusion-title-text fusion-title-size-three\" style=\"--awb-margin-bottom:30px;\"><h3 class=\"fusion-title-heading title-heading-left\" style=\"margin:0;\">5. Varovanje osebnih podatkov in pi\u0161kotki<\/h3><\/div><div class=\"fusion-text fusion-text-6\"><p>Sestavni del teh splo\u0161nih pogojev poslovanja je tudi politika varovanja osebnih podatkov in politika spletnih pi\u0161kotkov. Dokumenta sta dosegljiva na naslednjih povezavah:<\/p>\n<ul>\n<li>Politika varovanja osebnih podatkov<\/li>\n<li>Politika spletnih pi\u0161kotkov<\/li>\n<\/ul>\n<\/div><div class=\"fusion-image-element \" style=\"--awb-caption-title-font-family:var(--h2_typography-font-family);--awb-caption-title-font-weight:var(--h2_typography-font-weight);--awb-caption-title-font-style:var(--h2_typography-font-style);--awb-caption-title-size:var(--h2_typography-font-size);--awb-caption-title-transform:var(--h2_typography-text-transform);--awb-caption-title-line-height:var(--h2_typography-line-height);--awb-caption-title-letter-spacing:var(--h2_typography-letter-spacing);\"><span class=\" fusion-imageframe imageframe-none imageframe-4 hover-type-none\"><img decoding=\"async\" width=\"780\" height=\"4\" title=\"crte\" src=\"https:\/\/natuzzi.si\/italia\/wp-content\/uploads\/2024\/12\/crte.svg\" alt class=\"img-responsive wp-image-3239\"\/><\/span><\/div><div class=\"fusion-title title fusion-title-7 fusion-sep-none fusion-title-text fusion-title-size-three\" style=\"--awb-margin-bottom:30px;\"><h3 class=\"fusion-title-heading title-heading-left\" style=\"margin:0;\">6. Zavrnitev odgovornosti<\/h3><\/div><div class=\"fusion-text fusion-text-7\"><p>Uporabnik se zaveda, da:<\/p>\n<ul>\n<li>Spletne tehnologije za prenos in dostop do vsebin na spletnih straneh niso v vsakem trenutku 100% zanesljive. Ob morebitnih izpadih delovanja sistemov tretjih strani, ki so potrebni za dostop do spletnih strani (ponudniki internetne povezave, ponudniki elektri\u010dne energije,&#8230;), ponudnik ne prevzema odgovornosti.<\/li>\n<li>Ponudnik ni odgovoren za nepravilno delovanje storitev, ki so posledica nepravilne uporabe ali neznanja uporabnika pri uporabi storitev.<\/li>\n<li>Za uporabo storitev uporabnik potrebuje ustrezno programsko in strojno opremo (ra\u010dunalnik, spletni brskalnik, dostop do interneta).<\/li>\n<li>Ponudnik tehni\u010dno ne more zagotoviti delovanja storitev v primeru izpada omre\u017eja pogodbenih partnerjev, izpada elektri\u010dne energije ali drugih tehni\u010dnih motenj, ki bi za\u010dasno motile delovanje storitev.<\/li>\n<li>Vse informacije, gradiva in druge vsebine na spletnih straneh so informativne narave. Ponudnik po najbolj\u0161ih mo\u010deh posku\u0161a zagotavljati \u010dim bolj\u0161o predstavitev in delovanje spletnih strani ter a\u017eurnost, popolnost in pravilnost podatkov, ki so predstavljeni na spletnih straneh. Kljub temu ne prevzema nikakr\u0161ne odgovornosti o njihovi pravilnosti, a\u017eurnosti in popolnosti.<\/li>\n<li>Brez predhodnega dovoljenja ponudnika se ne sme: kopirati, tiskati ali shranjevati objavljenih slik na spletnih straneh. Prav tako je brez predhodnega dovoljenja ponudnika izrecno prepovedana uporaba grafi\u010dnih elementov in znamk.<\/li>\n<\/ul>\n<\/div><div class=\"fusion-title title fusion-title-8 fusion-sep-none fusion-title-text fusion-title-size-three\" style=\"--awb-margin-bottom:30px;\"><h3 class=\"fusion-title-heading title-heading-left\" style=\"margin:0;\">7. Uporabnik se zave\u017ee:<\/h3><\/div><div class=\"fusion-text fusion-text-8\"><ul>\n<li>Da ne bo vsebin, objavljenih na spletnih straneh, uporabljal v komercialne, nelagalne ali katere koli druge namene, razen tistih, ki so dolo\u010deni v teh pogojih uporabe.<\/li>\n<li>Da ne bo distribuiral avtorsko za\u0161\u010ditenih vsebin ali vsebin, ki se nahajajo na spletnih straneh.<\/li>\n<li>Da ne bo posku\u0161al pridobiti, zbirati in \/ ali shranjevati osebnih podatkov drugih uporabnikov spletnih strani.<\/li>\n<li>Da ne bo na noben na\u010din kopiral, shranjeval ali posredoval celotne ali delov vsebin spletnih strani.<\/li>\n<li>Da ne bo uporabljal ra\u010dunalni\u0161kih kod, zlonamernih programov ali \u010desar koli, kar bi lahko motilo, onesposobilo ali \u0161kodovalo spletnim stranem in \/ ali ponudniku in njegovi programski ter strojni opremi.<\/li>\n<\/ul>\n<\/div><div class=\"fusion-title title fusion-title-9 fusion-sep-none fusion-title-text fusion-title-size-three\" style=\"--awb-margin-bottom:30px;\"><h3 class=\"fusion-title-heading title-heading-left\" style=\"margin:0;\">8. Reklamacije<\/h3><\/div><div class=\"fusion-text fusion-text-9\"><p>V primeru te\u017eav ali vpra\u0161anj lahko po\u0161ljete sporo\u010dilo na info(at)natuzzi.si.<\/p>\n<\/div><div class=\"fusion-title title fusion-title-10 fusion-sep-none fusion-title-text fusion-title-size-three\" style=\"--awb-margin-bottom:30px;\"><h3 class=\"fusion-title-heading title-heading-left\" style=\"margin:0;\">9. Kr\u0161enje pogojev uporabe<\/h3><\/div><div class=\"fusion-text fusion-text-10\"><p>Ponudnik si pridr\u017euje pravico, da uporabnikom, ki kr\u0161ijo pogoje uporabe ali splo\u0161ne pogoje poslovanja, onemogo\u010di dostop do spletnih strani. \u010ce uporabnik s svojim ravnanjem povzro\u010di ponudniku kakr\u0161no koli \u0161kodo, zanjo v celoti moralno, materialno ter kazensko odgovarja. Morebitne kr\u0161itve pogojev poslovanja in \/ ali splo\u0161nih pogojev poslovanja s strani drugih uporabnikov, lahko sporo\u010dite na e-po\u0161tni naslov info(at)natuzzi.si.<\/p>\n<\/div><div class=\"fusion-title title fusion-title-11 fusion-sep-none fusion-title-text fusion-title-size-three\" style=\"--awb-margin-bottom:30px;\"><h3 class=\"fusion-title-heading title-heading-left\" style=\"margin:0;\">10. Spremembe in dopolnitve splo\u0161nih pogojev uporabe<\/h3><\/div><div class=\"fusion-text fusion-text-11\"><p>Ponudnik lahko v primeru sprememb predpisov, ki urejajo poslovanje spletnih strani, varstvo podatkov ter druga podro\u010dja, ki so v zvezi s poslovanjem spletne strani ponudnika, in v primeru sprememb lastne poslovne politike spreminja in\/ali dopolnjuje te pogoje uporabe, o \u010demer bo vsaki\u010d seznanil uporabnike na primeren na\u010din, kamor \u0161teje zlasti obve\u0161\u010danje prek spletne strani\u00a0<a href=\"http:\/\/www.natuzzi.si\/\">www.natuzzi.si<\/a>\u00a0ali preko elektronske po\u0161te, posebej \u010de se spremembe nana\u0161ajo na spremembo politike varovanja osebnih podatkov.\u00a0Vsakokratne spremembe in\/ali dopolnitve pogojev uporabe za\u010dnejo veljati in se uporabljati z iztekom osemdnevnega roka od objave sprememb in\/ali dopolnitev. \u010ce je sprememba in\/ali dopolnitev Splo\u0161nih pogojev poslovanja nujna zaradi uskladitve s predpisi, lahko izjemoma te spremembe in\/ali dopolnitve stopijo v veljavo in uporabo v kraj\u0161em \u010dasu.<\/p>\n<p>Uporabnik, ki se s spremembami in\/ali dopolnitvami teh pogoje uporabe ne strinja, mora v roku osmih dni od objave obvestila o spremembi in\/ali dopolnitvi pogojev uporabe preklicati svojo registracijo ali nehati uporabljati storitve, vsebine ter karkoli drugega iz spletnih strani, sicer se po izteku tega roka \u0161teje in nasproten dokaz ni dopusten, da uporabnik spremembe in\/ali dopolnitve pogojev uporabe sprejema. Preklic registracije se naredi tako, da uporabnik s pisno izjavo ponudniku sporo\u010di preklic. Za preklic uporabe se \u0161teje, da uporabnik ve\u010d na noben na\u010din ne uporablja spletne strani ponudnika.<\/p>\n<p>Splo\u0161ne pogoje poslovanja je sprejel direktor ponudnika, v Ljubljani, dne 24.5.2018.<\/p>\n<\/div><\/div><\/div><\/div><\/div>\n","protected":false},"excerpt":{"rendered":"","protected":false},"author":2,"featured_media":0,"parent":0,"menu_order":0,"comment_status":"closed","ping_status":"closed","template":"100-width.php","meta":{"_acf_changed":false,"footnotes":""},"class_list":["post-3255","page","type-page","status-publish","hentry"],"acf":[],"yoast_head":"<!-- This site is optimized with the Yoast SEO plugin v27.0 - https:\/\/yoast.com\/product\/yoast-seo-wordpress\/ -->\n<title>Pogoji poslovanja - Natuzzi<\/title>\n<meta name=\"robots\" content=\"index, follow, max-snippet:-1, max-image-preview:large, max-video-preview:-1\" \/>\n<link rel=\"canonical\" href=\"https:\/\/natuzzi.si\/italia\/pogoji-poslovanja\/\" \/>\n<meta property=\"og:locale\" content=\"sl_SI\" \/>\n<meta property=\"og:type\" content=\"article\" \/>\n<meta property=\"og:title\" content=\"Pogoji poslovanja - Natuzzi\" \/>\n<meta property=\"og:url\" content=\"https:\/\/natuzzi.si\/italia\/pogoji-poslovanja\/\" \/>\n<meta property=\"og:site_name\" content=\"Natuzzi\" \/>\n<meta property=\"article:modified_time\" content=\"2025-12-04T10:18:27+00:00\" \/>\n<meta name=\"twitter:card\" content=\"summary_large_image\" \/>\n<meta name=\"twitter:label1\" content=\"Est. reading time\" \/>\n\t<meta name=\"twitter:data1\" content=\"7 minut\" \/>\n<script type=\"application\/ld+json\" class=\"yoast-schema-graph\">{\"@context\":\"https:\/\/schema.org\",\"@graph\":[{\"@type\":\"WebPage\",\"@id\":\"https:\/\/natuzzi.si\/italia\/pogoji-poslovanja\/\",\"url\":\"https:\/\/natuzzi.si\/italia\/pogoji-poslovanja\/\",\"name\":\"Pogoji poslovanja - Natuzzi\",\"isPartOf\":{\"@id\":\"https:\/\/natuzzi.si\/italia\/#website\"},\"datePublished\":\"2024-12-17T09:31:10+00:00\",\"dateModified\":\"2025-12-04T10:18:27+00:00\",\"breadcrumb\":{\"@id\":\"https:\/\/natuzzi.si\/italia\/pogoji-poslovanja\/#breadcrumb\"},\"inLanguage\":\"sl-SI\",\"potentialAction\":[{\"@type\":\"ReadAction\",\"target\":[\"https:\/\/natuzzi.si\/italia\/pogoji-poslovanja\/\"]}]},{\"@type\":\"BreadcrumbList\",\"@id\":\"https:\/\/natuzzi.si\/italia\/pogoji-poslovanja\/#breadcrumb\",\"itemListElement\":[{\"@type\":\"ListItem\",\"position\":1,\"name\":\"Po\u010detna stranica\",\"item\":\"https:\/\/natuzzi.si\/italia\/\"},{\"@type\":\"ListItem\",\"position\":2,\"name\":\"Pogoji poslovanja\"}]},{\"@type\":\"WebSite\",\"@id\":\"https:\/\/natuzzi.si\/italia\/#website\",\"url\":\"https:\/\/natuzzi.si\/italia\/\",\"name\":\"Natuzzi\",\"description\":\"\",\"potentialAction\":[{\"@type\":\"SearchAction\",\"target\":{\"@type\":\"EntryPoint\",\"urlTemplate\":\"https:\/\/natuzzi.si\/italia\/?s={search_term_string}\"},\"query-input\":{\"@type\":\"PropertyValueSpecification\",\"valueRequired\":true,\"valueName\":\"search_term_string\"}}],\"inLanguage\":\"sl-SI\"}]}<\/script>\n<!-- \/ Yoast SEO plugin. -->","yoast_head_json":{"title":"Pogoji poslovanja - Natuzzi","robots":{"index":"index","follow":"follow","max-snippet":"max-snippet:-1","max-image-preview":"max-image-preview:large","max-video-preview":"max-video-preview:-1"},"canonical":"https:\/\/natuzzi.si\/italia\/pogoji-poslovanja\/","og_locale":"sl_SI","og_type":"article","og_title":"Pogoji poslovanja - Natuzzi","og_url":"https:\/\/natuzzi.si\/italia\/pogoji-poslovanja\/","og_site_name":"Natuzzi","article_modified_time":"2025-12-04T10:18:27+00:00","twitter_card":"summary_large_image","twitter_misc":{"Est. reading time":"7 minut"},"schema":{"@context":"https:\/\/schema.org","@graph":[{"@type":"WebPage","@id":"https:\/\/natuzzi.si\/italia\/pogoji-poslovanja\/","url":"https:\/\/natuzzi.si\/italia\/pogoji-poslovanja\/","name":"Pogoji poslovanja - Natuzzi","isPartOf":{"@id":"https:\/\/natuzzi.si\/italia\/#website"},"datePublished":"2024-12-17T09:31:10+00:00","dateModified":"2025-12-04T10:18:27+00:00","breadcrumb":{"@id":"https:\/\/natuzzi.si\/italia\/pogoji-poslovanja\/#breadcrumb"},"inLanguage":"sl-SI","potentialAction":[{"@type":"ReadAction","target":["https:\/\/natuzzi.si\/italia\/pogoji-poslovanja\/"]}]},{"@type":"BreadcrumbList","@id":"https:\/\/natuzzi.si\/italia\/pogoji-poslovanja\/#breadcrumb","itemListElement":[{"@type":"ListItem","position":1,"name":"Po\u010detna stranica","item":"https:\/\/natuzzi.si\/italia\/"},{"@type":"ListItem","position":2,"name":"Pogoji poslovanja"}]},{"@type":"WebSite","@id":"https:\/\/natuzzi.si\/italia\/#website","url":"https:\/\/natuzzi.si\/italia\/","name":"Natuzzi","description":"","potentialAction":[{"@type":"SearchAction","target":{"@type":"EntryPoint","urlTemplate":"https:\/\/natuzzi.si\/italia\/?s={search_term_string}"},"query-input":{"@type":"PropertyValueSpecification","valueRequired":true,"valueName":"search_term_string"}}],"inLanguage":"sl-SI"}]}},"_links":{"self":[{"href":"https:\/\/natuzzi.si\/italia\/wp-json\/wp\/v2\/pages\/3255","targetHints":{"allow":["GET"]}}],"collection":[{"href":"https:\/\/natuzzi.si\/italia\/wp-json\/wp\/v2\/pages"}],"about":[{"href":"https:\/\/natuzzi.si\/italia\/wp-json\/wp\/v2\/types\/page"}],"author":[{"embeddable":true,"href":"https:\/\/natuzzi.si\/italia\/wp-json\/wp\/v2\/users\/2"}],"replies":[{"embeddable":true,"href":"https:\/\/natuzzi.si\/italia\/wp-json\/wp\/v2\/comments?post=3255"}],"version-history":[{"count":9,"href":"https:\/\/natuzzi.si\/italia\/wp-json\/wp\/v2\/pages\/3255\/revisions"}],"predecessor-version":[{"id":7384,"href":"https:\/\/natuzzi.si\/italia\/wp-json\/wp\/v2\/pages\/3255\/revisions\/7384"}],"wp:attachment":[{"href":"https:\/\/natuzzi.si\/italia\/wp-json\/wp\/v2\/media?parent=3255"}],"curies":[{"name":"wp","href":"https:\/\/api.w.org\/{rel}","templated":true}]}}